78 a factor of 2496?
True
Is 9720 a multiple of 36?
True
Is 147 a factor of 25137?
True
Does 62 divide 556?
False
Is 4 a factor of 709?
False
Does 18 divide 2740?
False
Is 9308 a multiple of 76?
False
Is 26 a factor of 66?
False
Does 246 divide 15349?
False
Is 204 a multiple of 80?
False
Does 21 divide 1890?
True
Is 87 a factor of 1326?
False
Is 30 a factor of 197?
False
Is 16401 a multiple of 77?
True
Is 29 a factor of 841?
True
Does 17 divide 1071?
True
Is 7102 a multiple of 134?
True
Does 123 divide 15252?
True
Does 10 divide 260?
True
Does 9 divide 2180?
False
Is 12 a factor of 590?
False
Is 7 a factor of 182?
True
Is 43 a factor of 731?
True
Does 40 divide 556?
False
Is 5546 a multiple of 94?
True
Is 2138 a multiple of 33?
False
Is 92 a multiple of 23?
True
Is 600 a multiple of 40?
True
Is 34 a factor of 8194?
True
Is 870 a multiple of 29?
True
Is 27060 a multiple of 33?
True
Does 8 divide 88?
True
Is 13 a factor of 3546?
False
Is 944 a multiple of 98?
False
Is 3 a factor of 64?
False
Is 696 a multiple of 30?
False
Is 4222 a multiple of 44?
False
Is 5248 a multiple of 170?
False
Does 21 divide 3839?
False
Is 3503 a multiple of 9?
False
Does 33 divide 77296?
False
Is 61 a factor of 18605?
True
Does 8 divide 979?
False
Is 1957 a multiple of 8?
False
Is 1484 a multiple of 14?
True
Is 25 a factor of 1425?
True
Is 234 a multiple of 18?
True
Is 10 a factor of 1001?
False
Is 14875 a multiple of 85?
True
Does 7 divide 7735?
True
Does 13 divide 3146?
True
Is 11 a factor of 831?
False
Is 2046 a multiple of 22?
True
Is 152 a multiple of 59?
False
Is 5717 a multiple of 77?
False
Is 3 a factor of 31?
False
Is 1508 a multiple of 52?
True
Does 13 divide 5889?
True
Is 83 a factor of 408?
False
Is 3999 a multiple of 86?
False
Does 31 divide 1470?
False
Is 36132 a multiple of 35?
False
Is 1225 a multiple of 25?
True
Does 20 divide 3740?
True
Is 20 a factor of 420?
True
Is 68 a factor of 36584?
True
Does 65 divide 4831?
False
Does 19 divide 1411?
False
Is 52 a factor of 2132?
True
Is 152 a factor of 32505?
False
Is 8 a factor of 16?
True
Is 132 a multiple of 12?
True
Does 18 divide 69912?
True
Is 431 a multiple of 47?
False
Does 33 divide 1256?
False
Does 66 divide 284?
False
Is 38988 a multiple of 76?
True
Does 25 divide 5720?
False
Is 31650 a multiple of 33?
False
Is 177 a factor of 35400?
True
Is 3340 a multiple of 20?
True
Does 77 divide 693?
True
Does 46 divide 230?
True
Does 34 divide 68?
True
Is 224 a multiple of 14?
True
Does 143 divide 2574?
True
Does 48 divide 4272?
True
Is 1440 a multiple of 60?
True
Does 81 divide 24789?
False
Does 44 divide 9064?
True
Is 32 a factor of 2048?
True
Is 77 a factor of 693?
True
Is 12299 a multiple of 41?
False
Does 17 divide 354?
False
Is 2621 a multiple of 4?
False
Is 153 a factor of 1071?
True
Is 3206 a multiple of 7?
True
Is 525 a multiple of 20?
False
Does 36 divide 7452?
True
Is 823 a multiple of 16?
False
Is 18 a factor of 20130?
False
Does 136 divide 7945?
False
Does 44 divide 12583?
False
Is 8 a factor of 13841?
False
Is 396 a multiple of 12?
True
Does 24 divide 2523?
False
Does 50 divide 709?
False
Does 34 divide 398?
False
Is 5579 a multiple of 3?
False
Is 13 a factor of 5168?
False
Is 157 a factor of 1570?
True
Does 15 divide 510?
True
Is 583 a multiple of 11?
True
Is 3 a factor of 1062?
True
Does 19 divide 5525?
False
Is 18 a factor of 19?
False
Is 2025 a multiple of 16?
False
Is 9 a factor of 261?
True
Does 31 divide 51925?
True
Does 11 divide 11999?
False
Does 21 divide 442?
False
Does 89 divide 9892?
False
Does 18 divide 310?
False
Does 11 divide 40268?
False
Is 37 a factor of 1147?
True
Is 64 a factor of 13888?
True
Is 2632 a multiple of 47?
True
Is 37652 a multiple of 21?
False
Does 16 divide 99?
False
Does 152 divide 7600?
True
Is 11976 a multiple of 112?
False
Is 12 a factor of 29372?
False
Is 9646 a multiple of 48?
False
Is 19919 a multiple of 136?
False
Is 12 a factor of 236?
False
Does 192 divide 14214?
False
Does 18 divide 114966?
True
Does 51 divide 1920?
False
Is 11 a factor of 1276?
True
Does 68 divide 1398?
False
Is 4501 a multiple of 2?
False
Does 21 divide 1386?
True
Does 33 divide 1320?
True
Is 21 a factor of 18650?
False
Is 480 a multiple of 32?
True
Is 58 a factor of 3190?
True
Is 15196 a multiple of 3?
False
Is 10686 a multiple of 39?
True
Is 3356 a multiple of 4?
True
Does 4 divide 405?
False
Does 41 divide 43173?
True
Is 53 a factor of 15264?
True
Does 20 divide 280?
True
Does 9 divide 1961?
False
Is 5 a factor of 3856?
False
Is 100 a factor of 19894?
False
Is 20 a factor of 300?
True
Is 51 a factor of 26456?
False
Is 52988 a multiple of 7?
False
Is 7973 a multiple of 18?
False
Is 3 a factor of 939?
True
Is 2639 a multiple of 13?
True
Is 6 a multiple of 2?
True
Is 44 a factor of 31086?
False
Is 615 a multiple of 103?
False
Is 12 a factor of 1434?
False
Is 719 a multiple of 10?
False
Does 14 divide 8330?
True
Is 42 a factor of 2282?
False
Is 84436 a multiple of 44?
True
Does 70 divide 3290?
True
Is 98 a factor of 882?
True
Does 17 divide 10892?
False
Is 296 a multiple of 9?
False
Is 13182 a multiple of 33?
False
Is 108 a factor of 756?
True
Is 16 a factor of 2384?
True
Is 5625 a multiple of 9?
True
Is 7 a factor of 1363?
False
Does 89 divide 148923?
False
Is 630 a multiple of 5?
True
Is 10 a factor of 59?
False
Is 5665 a multiple of 11?
True
Is 7722 a multiple of 26?
True
Does 42 divide 5904?
False
Does 27 divide 1701?
True
Is 191 a factor of 54429?
False
Is 10 a factor of 17720?
True
Is 14791 a multiple of 152?
False
Does 21 divide 37330?
False
Does 90 divide 2250?
True
Does 16 divide 21644?
False
Is 14 a factor of 8225?
False
Does 16 divide 545?
False
Does 141 divide 10434?
True
Does 19 divide 190?
True
Does 210 divide 28350?
True
Does 33 divide 83952?
True
Does 71 divide 4544?
True
Is 285 a factor of 19950?
True
Is 1805 a multiple of 4?
False
Does 14 divide 2800?
True
Is 108 a factor of 11556?
True
Is 44 a factor of 900?
False
Is 752 a multiple of 8?
True
Is 2632 a multiple of 4?
True
Is 2083 a multiple of 72?
False
Is 816 a multiple of 34?
True
Does 225 divide 2250?
True
Does 33 divide 8935?
False
Is 2779 a multiple of 43?
False
Is 148 a factor of 20216?
False
Does 11 divide 2230?
False
Does 18 divide 306?
True
Does 76 divide 13639?
False
Is 10 a factor of 217?
False
Does 9 divide 621?
True
Is 20 a factor of 27680?
True
Does 61 divide 7417?
False
Is 22 a factor of 1445?
False
Is 12464 a multiple of 16?
True
Is 90 a factor of 153000?
True
Is 17 a factor of 782?
True
Does 49 divide 20727?
True
Does 5 divide 4150?
True
Is 22 a factor of 29372?
False
Is 34 a factor of 680?
True
Is 6038 a multiple of 13?
False
Is 51 a factor of 788?
False
Is 8150 a multiple of 4?
False
Is 1680 a multiple of 42?
True
Does 13 divide 8302?
False
Is 77600 a multiple of 16?
True
Does 158 divide 18802?
True
Is 1200 a multiple of 80?
True
Is 497 a factor of 136178?
True
Does 63 divide 4221?
True
Does 43 divide 1477?
False
Is 10557 a multiple of 17?
True
Is 61 a factor of 5124?
True
Does 27 divide 3807?
True
Is 111 a factor of 16846?
False
Is 43 a factor of 7146?
False
Is 1855 a multiple of 5?
True
Is 49 a factor of 868?
False
Does 14 divide 4491?
False
Does 17 divide 9571?
True
Is 2 a factor of 2?
True
Is 68700 a multiple of 300?
True
Is 47 a factor of 24863?
True
Is 167 a multiple of 5?
False
Does 8 divide 122?
False
Is 36 a factor of 606?
False
Is 37 a factor of 3441?
True
Does 7 divide 882?
True
Is 811 a multiple of 65?
False
Is 6840 a multiple of 30?
True
Does 26 divide 9586?
False
Is 20 a factor of 1694?
False
Does 9 divide 2691?
True
Does 13 divide 221?
True
Is 114470 a multiple of 10?
True
Is 15 a factor of 20100?
True
Does 8 divide 24752?
True
Is 93 a factor of 10881?
True
Does 11 divide 231?
True
Does 25 divide 23375?
True
Is 1683 a multiple of 18?
False
Does 30 divide 510?
True
Does 25 divide 6001?
False
Does 26 divide 4732?
True
Does 28 divide 1516?
False
Is 606 a multiple of 6?
True
Is 1623 a multiple of 103?
False
Does 18 divide 121212?
True
Is 684 a multiple of 38?
True
Is 136 a factor of 35109?
False
Is 15510 a multiple of 100?
False
Does 16 divide 12960?
True
Does 220 divide 104280?
True
Is 33 a factor of 3402?
False
Is 23 a factor of 7406?
True
Is 8 a factor of 496?
True
Is 6 a factor